he greatest common factor of 14432 and 1271.
41
Calculate the highest common divisor of 4815636 and 168.
84
Calculate the greatest common divisor of 309 and 13280511.
309
Calculate the highest common divisor of 263360 and 640.
320
What is the greatest common factor of 39 and 77124?
3
Calculate the highest common divisor of 83 and 5548799.
83
Calculate the greatest common factor of 694 and 8614622.
694
What is the highest common factor of 76169 and 177?
59
Calculate the highest common divisor of 30712 and 88.
88
Calculate the greatest common factor of 5136 and 156.
12
What is the highest common factor of 70504 and 40?
8
Calculate the greatest common divisor of 58 and 5462353.
29
What is the greatest common divisor of 37398 and 506?
46
What is the greatest common factor of 351 and 362799?
27
What is the greatest common factor of 164 and 759443?
41
Calculate the highest common divisor of 1845 and 220785.
615
Calculate the highest common factor of 116 and 3364.
116
What is the highest common factor of 171 and 190361?
19
What is the greatest common divisor of 127424 and 905?
181
Calculate the greatest common divisor of 1085 and 9940.
35
Calculate the greatest common factor of 552 and 421544.
184
Calculate the greatest common divisor of 3268 and 2812.
76
What is the highest common factor of 267 and 81346?
89
What is the highest common factor of 96 and 5072?
16
Calculate the highest common factor of 351 and 76086.
27
Calculate the highest common factor of 29925 and 532.
133
What is the greatest common factor of 1344 and 62484?
12
What is the greatest common divisor of 212 and 319166?
106
Calculate the highest common divisor of 17 and 104159.
17
What is the highest common factor of 17180 and 6260?
20
Calculate the highest common divisor of 75 and 170895.
15
Calculate the greatest common factor of 10458 and 2573.
83
What is the highest common factor of 142008 and 305?
61
What is the highest common factor of 26334 and 28386?
342
What is the greatest common divisor of 1598205 and 868?
217
What is the highest common divisor of 145110 and 315?
105
What is the greatest common factor of 21 and 6687?
3
What is the highest common factor of 765100 and 80?
20
Calculate the highest common divisor of 52728 and 72.
24
What is the greatest common divisor of 146 and 778034?
146
Calculate the highest common factor of 40 and 10220.
20
What is the greatest common divisor of 6939 and 3672?
27
What is the greatest common divisor of 663694 and 58?
58
What is the highest common divisor of 5285686 and 42?
14
What is the highest common factor of 377208 and 2366?
338
What is the greatest common divisor of 244 and 7173722?
122
What is the greatest common factor of 63988 and 204?
68
Calculate the highest common factor of 344751 and 4433.
341
Calculate the greatest common divisor of 11264 and 15136.
352
What is the greatest common factor of 3130 and 30?
10
What is the highest common factor of 126 and 8892?
18
What is the highest common factor of 70 and 2235520?
70
What is the highest common divisor of 1035425 and 830?
415
Calculate the greatest common divisor of 864 and 73512.
72
What is the greatest common divisor of 209 and 21451?
19
What is the highest common divisor of 5082 and 7392?
462
Calculate the highest common divisor of 208 and 845416.
104
What is the greatest common factor of 4 and 26208?
4
What is the greatest common divisor of 22725 and 2385?
45
What is the greatest common factor of 330 and 14390?
10
Calculate the highest common factor of 58058 and 609.
203
What is the greatest common divisor of 903 and 16899?
129
Calculate the greatest common divisor of 154 and 461846.
154
What is the greatest common factor of 6435 and 539?
11
What is the greatest common divisor of 753 and 5773?
251
Calculate the greatest common factor of 460 and 4788830.
230
Calculate the highest common factor of 2555 and 1470.
35
What is the highest common factor of 459576 and 48?
24
What is the highest common factor of 715 and 149292?
143
Calculate the highest common divisor of 790 and 4171200.
790
What is the highest common divisor of 965601 and 4212?
1053
What is the greatest common factor of 72390 and 19?
19
Calculate the greatest common factor of 8484 and 40572.
84
Calculate the highest common divisor of 21 and 129122.
7
What is the highest common divisor of 1008 and 53445?
21
What is the highest common factor of 28548 and 14?
2
Calculate the highest common divisor of 9954556 and 76.
76
What is the highest common factor of 36 and 1524564?
36
What is the greatest common divisor of 92896 and 96?
32
What is the highest common factor of 72520 and 74?
74
What is the highest common divisor of 10 and 258660?
10
What is the greatest common factor of 6629 and 112?
7
What is the highest common factor of 998628 and 84?
12
What is the greatest common divisor of 49 and 41797?
49
What is the highest common factor of 6472112 and 16?
16
Calculate the greatest common factor of 98 and 1679482.
14
What is the highest common factor of 1646 and 18?
2
What is the highest common divisor of 2407 and 1328?
83
What is the greatest common factor of 2592 and 54270?
162
What is the greatest common factor of 332 and 1149052?
332
Calculate the greatest common factor of 29913 and 1014.
507
What is the highest common divisor of 105 and 420105?
105
What is the greatest common divisor of 151880 and 60?
20
Calculate the greatest common factor of 70 and 28805.
35
Calculate the greatest common divisor of 748 and 91919.
17
Calculate the highest common factor of 74 and 513819.
37
What is the greatest common divisor of 265992 and 48?
24
Calculate the greatest common divisor of 13819 and 390.
13
Calculate the greatest common factor of 8 and 783896.
8
What is the greatest common factor of 1137 and 37142?
379
Calculate the highest common factor of 13122 and 432.
54
What is the greatest common factor of 8 and 77452?
4
What is the highest common factor of 74480 and 120?
40
Calculate the highest common factor of 210 and 330.
30
Calculate the greatest common factor of 700 and 74480.
140
What is the highest common divisor of 45609 and 1104?
69
What is the greatest common divisor of 160256 and 64?
64
Calculate the highest common divisor of 65 and 108615.
65
What is the greatest common divisor of 463982 and 3614?
278
What is the greatest common factor of 4 and 4320?
4
Calculate the highest common factor of 19978 and 14.
14
Calculate the highest common factor of 1278 and 39050.
142
Calculate the greatest common factor of 82312 and 16.
8
What is the greatest common divisor of 12 and 35962?
2
Calculate the greatest common factor of 55567 and 614.
307
Calculate the highest common factor of 363 and 6.
3
Calculate the greatest common factor of 384 and 1279680.
192
Calculate the greatest common factor of 6322625 and 125.
125
Calculate the greatest common factor of 1214 and 9854038.
1214
What is the highest common factor of 13616 and 97865?
851
What is the highest common factor of 1196 and 8655452?
1196
What is the highest common factor of 16 and 14916?
4
What is the highest common factor of 376 and 255868?
188
Calculate the greatest common divisor of 38 and 3880750.
38
Calculate the highest common factor of 6500 and 2548.
52
Calculate the highest common factor of 6 and 16888.
2
What is the highest common divisor of 7735 and 1391?
13
What is the highest common divisor of 532 and 1604778?
266
Calculate the greatest common divisor of 81485 and 43.
43
What is the greatest common factor of 474 and 555054?
474
Calculate the highest common factor of 2414124 and 648.
324
What is the highest common factor of 2306404 and 332?
332
What is the highest common factor of 1266395 and 455?
65
Calculate the greatest common factor of 37 and 218781.
37
Calculate the greatest common divisor of 54902 and 2910.
194
Calculate the greatest common divisor of 5796 and 1380.
276
Calculate the greatest common factor of 481 and 715.
13
Calculate the highest common divisor of 603845 and 55.
55
What is the highest common factor of 64 and 1114?
2
Calculate the highest common factor of 72342 and 36.
18
What is the highest common factor of 31524 and 925?
37
What is the highest common divisor of 2774 and 1558?
38
What is the greatest common divisor of 19224 and 623?
89
Calculate